late the remainder when 44/(-6)*(-6)/4 is divided by g(4).
3
Let z = -69 + 122. Let d(g) = g + 18. What is the remainder when z is divided by d(0)?
17
Let j be 1245/45 + (-1)/(-3). Suppose 4*f - j = 2*f. Calculate the remainder when 26 is divided by f.
12
Let t = 32 - 20. Calculate the remainder when 42 is divided by t.
6
Let g be (-6)/15*-5*1. Suppose -m - g*m = -27. What is the remainder when 24 is divided by m?
6
Let t = 0 - -3. Suppose -4*c = 5*n + 17, -7 + t = 3*c + 2*n. Calculate the remainder when 28 is divided by 73/5 + c/5.
13
Calculate the remainder when 82 is divided by -2 + (4 - -1) - -18.
19
Let o = 2 - 2. Let f = 1 + o. Let p = -6 - -7. Calculate the remainder when f is divided by p.
0
Let x be 13/4 - 1/4. Suppose 120 = -0*d + x*d. Calculate the remainder when d is divided by ((-56)/(-10))/((-6)/(-15)).
12
Let y = 18 - 1. Let o(u) = -2*u - 13. Calculate the remainder when y is divided by o(-9).
2
Suppose 0 = 3*d - 2*g - 3*g - 67, -4 = -g. Calculate the remainder when d is divided by 4.
1
Let k(j) = 21*j - 3. Let o be 2/6 + 25/15. Suppose o*x + x - 42 = 0. What is the remainder when k(2) is divided by x?
11
Let d(g) = 2*g**2 + 2*g + 1. Let t(s) = -s**3 + 8*s**2 + s - 6. Let p be t(8). Let k be (p - 3)/((-2)/(-4)). What is the remainder when 9 is divided by d(k)?
4
Let l(o) = -18*o - 29. Calculate the remainder when 48 is divided by l(-3).
23
Suppose 3*t - 5 = 4, 4*t = -4*l + 28. What is the remainder when 225/(-18)*l/(-2) is divided by 7?
4
Let g = 98 + -59. Let s = -19 + g. Suppose 0 = 5*j - 54 - 1. Calculate the remainder when s is divided by j.
9
Suppose 0 = 6*a - a + 70. Let d = 25 + a. Calculate the remainder when d is divided by 4.
3
Suppose -4*g + 11 = -5. Suppose 5 - 35 = -3*p - 5*h, 0 = -2*p - 5*h + 20. Suppose -p = -4*u + 2. Calculate the remainder when g is divided by u.
1
Suppose m = 4*a - 8, -3*a = -3*m + 6 - 21. Let p be 3*(-8)/(-6)*a. Suppose -z + 2*z - p = 0. What is the remainder when 9 is divided by z?
1
Let y = 16 - 23. Let k(o) = 11*o - 4*o - 4 - o**3 - 3*o**2 - 2*o**2. Calculate the remainder when k(y) is divided by 16.
13
Suppose 0 = 3*c - i - 4*i - 93, -4*i + 118 = 5*c. What is the remainder when 99 is divided by c?
21
What is the remainder when 33 is divided by (-18)/(-4) - 4/(-8)?
3
Let y(l) = 4*l**2 - 24*l + 7. Calculate the remainder when y(11) is divided by 23.
20
Let c(n) = -9*n + 3. Let q be -48*((-2)/(-4) - 1). Calculate the remainder when c(-4) is divided by (-1)/4 - (-342)/q.
11
Let t be -5*12/(-2)*2. Let z = -25 + t. Suppose -3*d + d - 88 = -5*j, 4*j - 4*d - 68 = 0. What is the remainder when z is divided by j?
17
Let d = -3 - -5. Let h be (0 + -1 + 1)/d. Suppose h*i - 2*i + 114 = 0. What is the remainder when i is divided by 15?
12
Suppose 0 = n - 5*n. Suppose -2*g - o + 21 = 0, 2*o - 3*o - 5 = n. What is the remainder when g is divided by 3?
1
Suppose -13 = -3*c + 59. Suppose g - c = -g. What is the remainder when 46/6 + (-8)/g is divided by 4?
3
Let y(m) = m**3 - m**2 + 1. Let x be y(2). Suppose -3*w + 31 = -x*n, n = 3*w - 18 + 7. Calculate the remainder when 14 is divided by (-2)/n + (-23)/(-5).
4
Let t be 2/4*(-216)/(-12). What is the remainder when 42 is divided by (t + -8)/((-2)/(-22))?
9
Suppose 10 = -8*h + 9*h. Let b = h - -3. What is the remainder when 64 is divided by b?
12
Suppose -2*a = a - 90. Let x = 0 + 4. Calculate the remainder when a is divided by (1 - x)*40/(-15).
6
Suppose 3*q = -2*m + 63, m - 41 = -2*q - 0*m. Calculate the remainder when 111 is divided by q.
16
Suppose -z + 48 = -2*z. What is the remainder when 13 is divided by ((-2)/4)/(6/z)?
1
Let p = 8 + 13. Let s = p - 11. What is the remainder when s is divided by 4?
2
Suppose 1 = 5*j - 94. Suppose -20*r + 540 = -10*r. What is the remainder when r is divided by j?
16
Let n = -32 + 68. What is the remainder when n is divided by 13?
10
Suppose 4*z = 5*y + 191, -z - y = 3*y - 53. Let f = -28 + z. Calculate the remainder when 41 is divided by f.
20
Let l = 4 - -12. What is the remainder when 43 is divided by l?
11
Suppose 2*g = -5*f + 148, 2*f - 8 = -0*f. Suppose -26 - g = -5*u. What is the remainder when 35 is divided by u?
17
Suppose i - 5 = -3. Suppose 3*x = -i*x. Suppose 2 = 2*b, -2*b + 8 = t - x*b. Calculate the remainder when 10 is divided by t.
4
Let s = 0 + -9. Let g = s + 17. Calculate the remainder when 21 is divided by g.
5
Suppose z - 25 = -4*u, 74 = 3*z + 2*z + 3*u. Suppose -2*c = -3*t - 25 - z, 0 = -5*c - t + 78. What is the remainder when c is divided by 6?
4
Suppose p = 6*p - 110. Suppose 0 = 5*h + p - 227. Calculate the remainder when h is divided by 14.
13
Let c(r) = 5*r - 5. Let v(z) = 2*z**2 - z - 8. Let h(m) = m**2 - 1. Let l(i) = -h(i) + v(i). Calculate the remainder when l(5) is divided by c(2).
3
Calculate the remainder when 1/(4/76 - 0) is divided by 7.
5
Let c be (-2)/(-6) + (-71)/(-3). Suppose 4*v = -3*j - 78 - 14, -j = v + c. Let t = -10 - v. What is the remainder when t is divided by 4?
2
Let a(j) = 5*j - 6. What is the remainder when a(7) is divided by 16?
13
Let j(z) = 7*z + 9. Let q be 2 + 15 - (1 - 0). Let o(b) = 36*b + 46. Let s(x) = q*j(x) - 3*o(x). What is the remainder when s(5) is divided by 9?
8
Suppose -3*g + 3*i = 171, -2*g - i - 3*i - 126 = 0. Let a = g - -34. Let q = -16 - a. What is the remainder when 26 is divided by q?
8
Let y(k) = -12*k**3 + k**2 + k + 1. What is the remainder when 36 is divided by y(-1)?
10
Let k(c) = c**2 + 8*c - 4. Let q be k(-9). Suppose -q*l - 2*r = -72 + 6, l = -r + 12. Calculate the remainder when 41 is divided by l.
13
Suppose 0 = c - 99 + 31. What is the remainder when c is divided by 14?
12
Calculate the remainder when (-2)/(-3)*348/8 is divided by 8.
5
Let k = -47 - -59. Let l be (-1)/(-3)*(1 - -5). Suppose 5*o = -3*j + 38, -l = j + 3*o - k. What is the remainder when 31 is divided by j?
15
Suppose 2 = 5*k - 83. Let n = -11 + k. Calculate the remainder when 16 is divided by n.
4
Let g(t) = 276*t**2 + t - 1. Let s be g(-1). What is the remainder when (-3)/(-9) - s/(-6) is divided by 24?
22
Let x = 4 + 21. Let l(o) = o**2 - 8*o + 20. Calculate the remainder when x is divided by l(7).
12
Suppose 2 = u - 1. Let k = -42 + 49. What is the remainder when k is divided by u?
1
What is the remainder when 1*((-964)/(-10) - (-4)/(-10)) is divided by 25?
21
Calculate the remainder when 20 is divided by 6/27 - 156/(-27).
2
Suppose -4*w + 14 = -18. What is the remainder when w is divided by 3?
2
Let q = -14 + 23. What is the remainder when 24 is divided by q?
6
Let j(w) = -2*w - 5. Let d be j(-5). Suppose d*z - 20 = -0*z. Calculate the remainder when 7 is divided by z.
3
Let m(i) = 2*i**2 + 3*i - 2. Let f be m(-3). Suppose -23 + f = -2*a. Suppose 0 = s + 3*s - a. What is the remainder when 2 is divided by s?
0
Suppose 0 = -g + 2*h + 2*h + 25, -2*g + 4*h + 58 = 0. What is the remainder when 18 is divided by 1/(g/30 - 1)?
8
Let m(z) = z**2 + 2*z - 37. Calculate the remainder when 62 is divided by m(-9).
10
Suppose 0 = -5*t - k + 63, k + 3 = 2*k. Calculate the remainder when 20 is divided by t.
8
Suppose -n + 1 + 1 = 0. What is the remainder when 5 is divided by n?
1
Let g = 8 - -18. What is the remainder when 20 is divided by (-1)/(-2) - g/(-4)?
6
Let b = -22 + 39. Calculate the remainder when 64 is divided by b.
13
Let s(y) = 7*y - 7. Suppose 901 = -3*x - a + 200, 0 = 2*x - 3*a + 471. What is the remainder when s(5) is divided by x/(-24) + (-1)/(-4)?
8
Suppose -j + 28 - 9 = 0. Calculate the remainder when 130 is divided by j.
16
Suppose 2*r + 12 = 6*r. Suppose r*z + 2 = z. Let w(g) = -8*g**3 + g**2 + g + 1. Calculate the remainder when 26 is divided by w(z).
8
Let y = 71 + -26. Calculate the remainder when y is divided by ((-6)/4)/((-6)/48).
9
Let k = -16 - -15. Calculate the remainder when 49 is divided by (4/((-8)/34))/k.
15
Let v = 13 - -100. Suppose -3 - 1 = -4*t, 3*f - 3*t - 84 = 0. Calculate the remainder when v is divided by f.
26
Let r = 38 + -5. Calculate the remainder when r is divided by 9.
6
Suppose 68 = 7*b - 72. Calculate the remainder when 116 is divided by b.
16
Let d = 10 - 0. Suppose -v + 4*v - 3 = 0. Let j = v + d. Calculate the remainder when 32 is divided by j.
10
Suppose f - 4*f = -18. Suppose -u = -2*u + f. Calculate the remainder when u i